{"id":604,"date":"2014-09-28T15:15:56","date_gmt":"2014-09-28T13:15:56","guid":{"rendered":"http:\/\/wp1.tv-jugenheim.de\/?page_id=604"},"modified":"2023-09-30T17:34:54","modified_gmt":"2023-09-30T15:34:54","slug":"jugendtraining-2","status":"publish","type":"page","link":"https:\/\/tv-jugenheim.de\/wp2\/abteilung\/jiu-jitsu\/trainingszeiten\/jugendtraining-2\/","title":{"rendered":"Jugendtraining"},"content":{"rendered":"<p><a href=\"https:\/\/tv-jugenheim.de\/wp-media\/2023\/02\/Muschu-ganz-1.jpg\"><img loading=\"lazy\" decoding=\"async\" class=\"wp-image-5544 alignleft\" style=\"border-style: none;\" src=\"https:\/\/tv-jugenheim.de\/wp-media\/2023\/02\/Muschu-ganz-1.jpg\" alt=\"\" width=\"125\" height=\"139\" srcset=\"https:\/\/tv-jugenheim.de\/wp2\/..\/wp-media\/2023\/02\/Muschu-ganz-1.jpg 382w, https:\/\/tv-jugenheim.de\/wp2\/..\/wp-media\/2023\/02\/Muschu-ganz-1-267x300.jpg 267w\" sizes=\"auto, (max-width: 125px) 100vw, 125px\" \/><\/a> Im Jugendtraining werden alle wesentlichen Inhalte des Jiu-Jitsu unterrichtet. Unser wichtigstes Ziel ist es, dem Nachwuchs neben dem Spa\u00df am Jiu-Jitsu eine entwicklungsgerechte Entfaltung der sportlichen Grundeigenschaften zu vermitteln. Im Jiu-Jitsu werden Schnelligkeit, Kraft, Beweglichkeit, Ausdauer und Koordination in einem ausgeglichenen Verh\u00e4ltnis geschult. Weiterhin soll das Training Selbstbewusstsein und Selbstwertgef\u00fchl steigern. Wir legen im Training gro\u00dfen Wert auf einen fairen Umgang miteinander. Bei den vielfachen Partner\u00fcbungen lernen die Jugendlichen h\u00f6chst m\u00f6gliche F\u00fcrsorge f\u00fcr ihren Partner zu \u00fcbernehmen.<\/p>\n<table>\n<tbody>\n<tr>\n<td width=\"85\"><strong>Wochentag<\/strong><\/td>\n<td width=\"179\"><strong>Altersgruppe<\/strong><\/td>\n<td width=\"163\"><strong>Trainingszeiten<\/strong><\/td>\n<td width=\"165\"><strong>Anschrift des D\u014dj\u014d<\/strong><\/td>\n<\/tr>\n<tr>\n<td width=\"85\"><strong>Montag<\/strong><\/td>\n<td width=\"179\"><strong>Jugendliche <\/strong><br \/>\n(11-15 Jahre)<\/td>\n<td width=\"163\">19:00 Uhr bis 21:00 Uhr<\/td>\n<td width=\"165\"><a href=\"https:\/\/www.google.de\/maps\/place\/B%C3%BCrgerhalle+Jugenheim\/@49.7556514,8.6325559,18z\/data=!4m12!1m6!3m5!1s0x47bd7cea52d0b0f7:0x84f62f52017fd9b!2sB%C3%BCrgerhalle+Jugenheim!8m2!3d49.7556393!4d8.633661!3m4!1s0x47bd7cea52d0b0f7:0x84f62f52017fd9b!8m2!3d49.7556393!4d8.633661\">B\u00fcrgerhalle Jugenheim<\/a>, Bahnhofstra\u00dfe 12<\/td>\n<\/tr>\n<tr>\n<td width=\"85\"><strong>Freitag<\/strong><\/td>\n<td width=\"179\"><strong>Jugendliche<\/strong><br \/>\n(11-15 Jahre)<\/td>\n<td width=\"163\">19:00 Uhr bis 20:30 Uhr<\/td>\n<td width=\"165\">Schuldorf Bergstra\u00dfe, <a href=\"https:\/\/www.google.de\/maps\/dir\/\/Sporthalle+Schuldorf,+Handball,+Sandstra\u00dfe+92,+64342+Seeheim-Jugenheim\/@49.7632014,8.6350698,17z\/data=!4m8!4m7!1m0!1m5!1m1!1s0x47bd7c967a6e8ddb:0x26bb8fe39e598a18!2m2!1d8.6369551!2d49.7640466\">Sporthalle 27<\/a>, Sandstra\u00dfe (Seeheim)<\/td>\n<\/tr>\n<\/tbody>\n<\/table>\n<p><span style=\"color: #ff0000;\"><strong>Ein unverbindliches Probetraining in den Gruppen ist jederzeit m\u00f6glich.<\/strong><\/span><\/p>\n<p><a href=\"https:\/\/tv-jugenheim.de\/wp-media\/2016\/02\/Gruppe2.jpg\"><img loading=\"lazy\" decoding=\"async\" class=\"alignnone wp-image-2200 size-medium\" src=\"https:\/\/tv-jugenheim.de\/wp-media\/2016\/02\/Gruppe2-300x168.jpg\" alt=\"Gruppe2\" width=\"300\" height=\"168\" srcset=\"https:\/\/tv-jugenheim.de\/wp2\/..\/wp-media\/2016\/02\/Gruppe2-300x168.jpg 300w, https:\/\/tv-jugenheim.de\/wp2\/..\/wp-media\/2016\/02\/Gruppe2-768x430.jpg 768w, https:\/\/tv-jugenheim.de\/wp2\/..\/wp-media\/2016\/02\/Gruppe2.jpg 1024w\" sizes=\"auto, (max-width: 300px) 100vw, 300px\" \/><\/a><\/p>\n","protected":false},"excerpt":{"rendered":"<p>Im Jugendtraining werden alle wesentlichen Inhalte des Jiu-Jitsu unterrichtet. Unser wichtigstes Ziel ist es, dem Nachwuchs neben dem Spa\u00df am Jiu-Jitsu eine entwicklungsgerechte Entfaltung der sportlichen Grundeigenschaften zu vermitteln. Im Jiu-Jitsu werden Schnelligkeit, Kraft, Beweglichkeit, Ausdauer und Koordination in einem ausgeglichenen Verh\u00e4ltnis geschult. Weiterhin soll das Training Selbstbewusstsein und Selbstwertgef\u00fchl <a class=\"more-link\" href=\"https:\/\/tv-jugenheim.de\/wp2\/abteilung\/jiu-jitsu\/trainingszeiten\/jugendtraining-2\/\"><span class=\"screen-reader-text\">  Jugendtraining<\/span> weiterlesen<span class=\"meta-nav\">&rarr;<\/span><\/a><\/p>\n","protected":false},"author":10,"featured_media":0,"parent":598,"menu_order":2,"comment_status":"closed","ping_status":"open","template":"","meta":{"footnotes":""},"class_list":["post-604","page","type-page","status-publish","hentry"],"_links":{"self":[{"href":"https:\/\/tv-jugenheim.de\/wp2\/wp-json\/wp\/v2\/pages\/604","targetHints":{"allow":["GET"]}}],"collection":[{"href":"https:\/\/tv-jugenheim.de\/wp2\/wp-json\/wp\/v2\/pages"}],"about":[{"href":"https:\/\/tv-jugenheim.de\/wp2\/wp-json\/wp\/v2\/types\/page"}],"author":[{"embeddable":true,"href":"https:\/\/tv-jugenheim.de\/wp2\/wp-json\/wp\/v2\/users\/10"}],"replies":[{"embeddable":true,"href":"https:\/\/tv-jugenheim.de\/wp2\/wp-json\/wp\/v2\/comments?post=604"}],"version-history":[{"count":15,"href":"https:\/\/tv-jugenheim.de\/wp2\/wp-json\/wp\/v2\/pages\/604\/revisions"}],"predecessor-version":[{"id":5767,"href":"https:\/\/tv-jugenheim.de\/wp2\/wp-json\/wp\/v2\/pages\/604\/revisions\/5767"}],"up":[{"embeddable":true,"href":"https:\/\/tv-jugenheim.de\/wp2\/wp-json\/wp\/v2\/pages\/598"}],"wp:attachment":[{"href":"https:\/\/tv-jugenheim.de\/wp2\/wp-json\/wp\/v2\/media?parent=604"}],"curies":[{"name":"wp","href":"https:\/\/api.w.org\/{rel}","templated":true}]}}