{"id":577,"date":"2014-09-21T21:58:13","date_gmt":"2014-09-21T19:58:13","guid":{"rendered":"http:\/\/wp1.tv-jugenheim.de\/?page_id=577"},"modified":"2025-08-16T17:56:39","modified_gmt":"2025-08-16T15:56:39","slug":"trainerteam-2","status":"publish","type":"page","link":"https:\/\/tv-jugenheim.de\/wp2\/abteilung\/jiu-jitsu\/trainerteam-2\/","title":{"rendered":"Trainerteam"},"content":{"rendered":"<h4 style=\"text-align: left;\"><span style=\"color: #000000;\"><strong><a href=\"https:\/\/tv-jugenheim.de\/wp-media\/2014\/09\/Trainerteam.jpg\"><img loading=\"lazy\" decoding=\"async\" class=\"wp-image-578 size-medium alignright\" style=\"border-style: none;\" src=\"https:\/\/tv-jugenheim.de\/wp-media\/2014\/09\/Trainerteam-e1726299863161-222x300.jpg\" alt=\"Trainerteam\" width=\"222\" height=\"300\" \/><\/a><span style=\"color: #a4161c;\">Jule Wolf<\/span><\/strong><\/span><\/h4>\n<ul>\n<li><strong><abbr title=\"Schwarzgurt (Meistergrad)\">1. Dan<\/abbr><\/strong> <strong>Jiu-Jitsu <\/strong>&#8211; Deutsche Jiu-Jitsu Union e.V.<\/li>\n<li><strong><abbr title=\"Schwarzgurt (Meistergrad)\">1. Dan<\/abbr><\/strong> <strong>Jiu-Jitsu <\/strong>&#8211; Deutscher Ju-Jutsu Verband e.V.<\/li>\n<li>DOSB-Lizenz-Trainerin-C Breitensport Fachrichtung Jiu-Jitsu\/Ju-Jutsu &#8211; Deutscher Ju-Jutsu Verband e.V.<\/li>\n<li>Lizenz-Kursleiterin \u201eFrauen-Selbst-Sicherheit\u201c (Frauenselbstverteidigung) &#8211; Deutscher Ju-Jutsu Verband e.V.<\/li>\n<li>Lizenz-Pr\u00fcferin &#8211; Deutsche Jiu-Jitsu Union e.V.<\/li>\n<li>Profilerweiterung Inklusionstrainerin<\/li>\n<li>Trainerin im Kinder-, Jugend- und Erwachsenentraining<\/li>\n<\/ul>\n<hr \/>\n<h4 style=\"text-align: left;\"><span style=\"color: #000000;\"><strong><a href=\"https:\/\/tv-jugenheim.de\/wp-media\/2014\/09\/Trainerteam.jpg\"><img loading=\"lazy\" decoding=\"async\" class=\"wp-image-578 size-medium alignright\" style=\"border-style: none;\" src=\"https:\/\/tv-jugenheim.de\/wp-media\/2014\/09\/Trainerteam-e1726299936724-211x300.jpg\" alt=\"Trainerteam\" width=\"222\" height=\"300\" \/><\/a><span style=\"color: #a4161c;\">G\u00fcnter Daum<\/span><\/strong><\/span><\/h4>\n<ul>\n<li><strong><abbr title=\"Schwarzgurt mit drei Streifen (Meistergrad)\">3. Dan<\/abbr><\/strong> <strong>Jiu-Jitsu<\/strong> &#8211; Deutsche Jiu-Jitsu Union e.V.<\/li>\n<li><strong><abbr title=\"Schwarzgurt mit drei Streifen (Meistergrad)\">3. Dan<\/abbr><\/strong> <strong>Jiu-Jitsu<\/strong> &#8211; Deutscher Ju-Jutsu Verband e.V.<\/li>\n<li><strong><abbr title=\"Blaugurt (Sch\u00fclergrad)\">2. Ky<span class=\"l_ecrd_imcolheader_ttl l_ecrd_txt_heros\">\u016b<\/span><\/abbr><\/strong> <strong>J\u016b-Jutsu<\/strong> &#8211;\u00a0Deutscher Ju-Jutsu Verband e.V.<\/li>\n<li><strong><abbr title=\"Gelbgurt (Sch\u00fclergrad)\">4. Klase<\/abbr> Modern Arnis<\/strong> &#8211; Deutscher Arnis Verband e.V.<\/li>\n<li>DOSB-Lizenz-Trainer-C Breitensport Fachrichtung Jiu-Jitsu\/Ju-Jutsu &#8211; Deutscher Ju-Jutsu Verband e.V.<\/li>\n<li>DOSB-Lizenz-Trainer-C mit Schwerpunkt Kinder und Jugendliche &#8211; Landessportbund Hessen e.V.<\/li>\n<li>Lizenz-Kursleiter \u201eFrauen-Selbst-Sicherheit\u201c (Frauenselbstverteidigung) &#8211; Deutscher Ju-Jutsu Verband e.V.<\/li>\n<li>Lizenz-Kursleiter \u201eNicht mit mir! \u2013 Starke Kinder sch\u00fctzen sich\u201c<\/li>\n<li>Lizenz-Pr\u00fcfer &#8211; Deutsche Jiu-Jitsu Union e.V.<\/li>\n<li>Profilerweiterung Inklusionstrainer<\/li>\n<li>Abteilungsleiter der Jiu-Jitsu-Abteilung<\/li>\n<li>Trainer im Kinder-, Jugend- und Erwachsenentraining<\/li>\n<\/ul>\n<hr \/>\n<h4 style=\"text-align: left;\"><span style=\"color: #a4161c;\"><strong>Fabian von Minckwitz<\/strong><\/span><\/h4>\n<p>Fabian geh\u00f6rt zu den Jiu-Jitsuka der &#8222;ersten Stunde&#8220; beim TV Jugenheim. Seinen Weg in den japanischen Kampfk\u00fcnsten begann er 2009 in der Judo-Abteilung des TV Jugenheim. Nach kurzer Zeit wechselte er mit deren Aufl\u00f6sung Ende 2009 in die neu gegr\u00fcndete Jiu-Jitsu-Abteilung, welcher er bis heute treu ist. Neben seiner langj\u00e4hrigen Trainert\u00e4tigkeit im Verein, ist Fabian seit vielen Jahren Jugendvertreter der Jiu-Jitsu-Abteilung. Seit Anfang 2025 ist er zudem Landes-Jugendreferent des Jiu-Jitsu-Verbandes Rheinland-Pfalz e.V.. Obwohl er die Vorteile des japanischen Jiu-Jitsu sch\u00e4tzte, nahm Fabian Anfang 2022 erneut das Studium des J\u016bd\u014d auf, um sein Repertoire weiter auszubauen. Mit seiner Leidenschaft f\u00fcr die japanischen Kampfk\u00fcnste und seiner Bereitschaft, kontinuierlich zu lernen, bleibt Fabian ein engagierter Bud\u014dka, der stets bestrebt ist, sich zu verbessern und weiterzuentwickeln. Aktuell tr\u00e4gt er den <abbr title=\"Braungurt (Sch\u00fclergrad)\">1. Ky<span class=\"l_ecrd_imcolheader_ttl l_ecrd_txt_heros\">\u016b<\/span><\/abbr> im Jiu-Jitsu, sowie den <abbr title=\"Schwarzgurt (Meistergrad)\">1. Dan<\/abbr> im J\u016bd\u014d.<\/p>\n<ul>\n<li><strong><abbr title=\"Braungurt (Sch\u00fclergrad)\">1. Ky<span class=\"l_ecrd_imcolheader_ttl l_ecrd_txt_heros\">\u016b<\/span><\/abbr> Jiu-Jitsu<\/strong> &#8211; Deutsche Jiu-Jitsu Union e.V.<\/li>\n<li><strong><abbr title=\"Braungurt (Sch\u00fclergrad)\">1. Ky<span class=\"l_ecrd_imcolheader_ttl l_ecrd_txt_heros\">\u016b<\/span><\/abbr> Jiu-Jitsu<\/strong> &#8211; Deutscher Ju-Jutsu Verband e.V.<\/li>\n<li><strong><abbr title=\"Schwarzgurt (Meistergrad)\">1. Dan<\/abbr>\u00a0J\u016bd\u014d<\/strong> &#8211; Deutscher Judo-Bund e.V.<\/li>\n<li>Sportassistentenausbildung mit Schwerpunkt Kinder und Jugendliche beim Hessischen Ju-Jutsu Verband e.V.<\/li>\n<li>Landes-Jugendreferent &#8211; Jiu-Jitsu-Verband Rheinland-Pfalz e.V.<\/li>\n<li>Jugendvertreter der Jiu-Jitsu-Abteilung<\/li>\n<\/ul>\n<hr \/>\n<h4 style=\"text-align: left;\"><strong><a href=\"https:\/\/tv-jugenheim.de\/wp-media\/2024\/09\/Abteilungshund-Kato.jpg\"><img loading=\"lazy\" decoding=\"async\" class=\"wp-image-6300 alignright\" style=\"border-style: none;\" src=\"https:\/\/tv-jugenheim.de\/wp-media\/2024\/09\/Abteilungshund-Kato.jpg\" alt=\"\" width=\"222\" height=\"300\" \/><\/a><span style=\"color: #a4161c;\">Cato<\/span><\/strong><\/h4>\n<p>Cato, der wei\u00dfe Schweizer Sch\u00e4ferhund, ist ein au\u00dfergew\u00f6hnlicher Kampfkunsttrainer. Mit seinem strahlend wei\u00dfen Fell und seiner imposanten Statur zieht er sofort alle Blicke auf sich. Doch es ist nicht nur seine Erscheinung, die beeindruckt \u2013 Cato besitzt eine au\u00dfergew\u00f6hnliche Disziplin und ein tiefes Verst\u00e4ndnis f\u00fcr die Prinzipien der Kampfkunst. Sein Training zeichnet sich durch Pr\u00e4zision, Geduld und einf\u00fchlsame Anleitung aus. Cato wei\u00df genau, wie er seine menschlichen Sch\u00fcler motivieren und ihre F\u00e4higkeiten f\u00f6rdern kann. Seine ruhige Ausstrahlung und seine fundierte Technik helfen seinen Sch\u00fctzlingen, sowohl ihre k\u00f6rperliche als auch mentale St\u00e4rke zu entwickeln. Cato ist nicht nur ein Kampfkunsttrainer, sondern ein wahrer Meister seines Fachs! \ud83d\ude09<\/p>\n<ul>\n<li>Abteilungshund der Jiu-Jitsu-Abteilung<\/li>\n<\/ul>\n","protected":false},"excerpt":{"rendered":"<p>Jule Wolf 1. Dan Jiu-Jitsu &#8211; Deutsche Jiu-Jitsu Union e.V. 1. Dan Jiu-Jitsu &#8211; Deutscher Ju-Jutsu Verband e.V. DOSB-Lizenz-Trainerin-C Breitensport Fachrichtung Jiu-Jitsu\/Ju-Jutsu &#8211; Deutscher Ju-Jutsu Verband e.V. Lizenz-Kursleiterin \u201eFrauen-Selbst-Sicherheit\u201c (Frauenselbstverteidigung) &#8211; Deutscher Ju-Jutsu Verband e.V. Lizenz-Pr\u00fcferin &#8211; Deutsche Jiu-Jitsu Union e.V. Profilerweiterung Inklusionstrainerin Trainerin im Kinder-, Jugend- und Erwachsenentraining G\u00fcnter <a class=\"more-link\" href=\"https:\/\/tv-jugenheim.de\/wp2\/abteilung\/jiu-jitsu\/trainerteam-2\/\"><span class=\"screen-reader-text\">  Trainerteam<\/span> weiterlesen<span class=\"meta-nav\">&rarr;<\/span><\/a><\/p>\n","protected":false},"author":10,"featured_media":0,"parent":62,"menu_order":4,"comment_status":"closed","ping_status":"open","template":"","meta":{"footnotes":""},"class_list":["post-577","page","type-page","status-publish","hentry"],"_links":{"self":[{"href":"https:\/\/tv-jugenheim.de\/wp2\/wp-json\/wp\/v2\/pages\/577","targetHints":{"allow":["GET"]}}],"collection":[{"href":"https:\/\/tv-jugenheim.de\/wp2\/wp-json\/wp\/v2\/pages"}],"about":[{"href":"https:\/\/tv-jugenheim.de\/wp2\/wp-json\/wp\/v2\/types\/page"}],"author":[{"embeddable":true,"href":"https:\/\/tv-jugenheim.de\/wp2\/wp-json\/wp\/v2\/users\/10"}],"replies":[{"embeddable":true,"href":"https:\/\/tv-jugenheim.de\/wp2\/wp-json\/wp\/v2\/comments?post=577"}],"version-history":[{"count":67,"href":"https:\/\/tv-jugenheim.de\/wp2\/wp-json\/wp\/v2\/pages\/577\/revisions"}],"predecessor-version":[{"id":6632,"href":"https:\/\/tv-jugenheim.de\/wp2\/wp-json\/wp\/v2\/pages\/577\/revisions\/6632"}],"up":[{"embeddable":true,"href":"https:\/\/tv-jugenheim.de\/wp2\/wp-json\/wp\/v2\/pages\/62"}],"wp:attachment":[{"href":"https:\/\/tv-jugenheim.de\/wp2\/wp-json\/wp\/v2\/media?parent=577"}],"curies":[{"name":"wp","href":"https:\/\/api.w.org\/{rel}","templated":true}]}}