{"id":74,"date":"2014-06-28T17:35:48","date_gmt":"2014-06-28T15:35:48","guid":{"rendered":"http:\/\/wp.tv-jugenheim.de\/?page_id=74"},"modified":"2022-05-28T11:53:56","modified_gmt":"2022-05-28T09:53:56","slug":"volleyball","status":"publish","type":"page","link":"https:\/\/tv-jugenheim.de\/wp1\/abteilung\/volleyball\/","title":{"rendered":"Volleyball"},"content":{"rendered":"<h4><\/h4>\n<h4 style=\"padding-left: 40px;\"><a href=\"https:\/\/tv-jugenheim.de\/wp1\/abteilung\/volleyball\/kontakt\"><span style=\"text-decoration: underline;\">Kontakt<\/span><\/a>\u00a0 \u00a0 <a href=\"https:\/\/tv-jugenheim.de\/wp1\/abteilung\/volleyball\/mannschaften\"><span style=\"text-decoration: underline;\">Mannschaften<\/span><\/a>\u00a0 \u00a0 <a href=\"https:\/\/tv-jugenheim.de\/wp1\/abteilung\/volleyball\/trainingszeiten\"><span style=\"text-decoration: underline;\">Trainingszeiten<\/span><\/a><\/h4>\n<p>&nbsp;<\/p>\n<h2>Back to the roots<\/h2>\n<p>Seit Mitte der 70er Jahre bietet der TVJ Volleyball f\u00fcr Damen und Herren an. Hans Scheutzow und Willi Wicke geh\u00f6rten zu den Gr\u00fcndungsv\u00e4tern dieser Sparte und sorgen bis heute f\u00fcr gute Stimmung und den Zusammenhalt der &#8222;Volleyballer&#8220;.Wie weit die Gr\u00fcndungsjahre inzwischen zur\u00fcckliegen, belegen wertvolle Dokumente der Zeitgeschichte und insbesondere die modische Bekleidung der Akteure.<\/p>\n<figure id=\"attachment_1105\" aria-describedby=\"caption-attachment-1105\" style=\"width: 300px\" class=\"wp-caption alignleft\"><img loading=\"lazy\" decoding=\"async\" class=\"wp-image-1105 size-medium\" src=\"https:\/\/tv-jugenheim.de\/wp-media\/2014\/10\/breuberg-300x234.jpg\" alt=\"Mannschaft 1987\" width=\"300\" height=\"234\" srcset=\"https:\/\/tv-jugenheim.de\/wp-media\/2014\/10\/breuberg-300x234.jpg 300w, https:\/\/tv-jugenheim.de\/wp-media\/2014\/10\/breuberg.jpg 700w\" sizes=\"auto, (max-width: 300px) 100vw, 300px\" \/><figcaption id=\"caption-attachment-1105\" class=\"wp-caption-text\">1987: (v.l.n.r.) J. Schimpf, P. Landwehrmann, Ricardo Villalobos, B. Kaffenberger, M. J\u00fcnemann, A. Kaffenberger, M. Olf, A. Appel. (horizontal) Trainerin Traudl<\/figcaption><\/figure>\n<p>Aus der zun\u00e4chst Breitensport-orientierten Aktivit\u00e4t entstand Anfang der 80er ein motiviertes Jugend-Team. Unter Leitung einer Trainerin und verschiedener m\u00e4nnlicher Kollegen steigerte die Mannschaft kontinuierlich ihre Leistungsf\u00e4higkeit. Als 1995 erstmals die Herren den Aufstieg in die Landesliga erspielten, waren einige der links abgebildeten Herren dabei. Manche engagieren sich heute aktiv an der Weiterentwicklung der Abteilung.<\/p>\n<div style=\"clear: both;\">\n<p>Nachdem 2013 ein Umbruch im Herrenbereich stattgefunden hat, hat sich der Fokus seitdem auf die Entwicklung im weiblichen Bereich gelegt.<\/p>\n<\/div>\n<div>Innerhalb von 3 erfolgreichen Saisons gelang es der 1.Damenmannschaft mit Trainer Martin J\u00fcnemann, von der Kreisklasse in die Bezirksliga aufzusteigen und diese zu halten, dabei werden immer wieder Talente aus den Jugendmannschaften hochgezogen. Die positive Atmosph\u00e4re beg\u00fcnstigt dabei die Integration der jungen Spielerinnen enorm. Auch ehemalige Spieler und Spielerinnen finden nach jahrelanger Abstinenz immer wieder gerne den Weg in die Abteilung.<\/div>\n<div><img loading=\"lazy\" decoding=\"async\" class=\"alignnone size-medium wp-image-2714\" src=\"https:\/\/tv-jugenheim.de\/wp-media\/2014\/10\/beste1-300x209.png\" alt=\"\" width=\"300\" height=\"209\" srcset=\"https:\/\/tv-jugenheim.de\/wp-media\/2014\/10\/beste1-300x209.png 300w, https:\/\/tv-jugenheim.de\/wp-media\/2014\/10\/beste1-768x534.png 768w, https:\/\/tv-jugenheim.de\/wp-media\/2014\/10\/beste1.png 883w\" sizes=\"auto, (max-width: 300px) 100vw, 300px\" \/><\/div>\n<div><\/div>\n<p>Die Volleyballabteilung z\u00e4hlt dank kontinuierlichem Aufbau zu den gr\u00f6\u00dften und erfolgreichsten Abteilungen des Vereins. Dank der Kooperation mit dem Schuldorf-Bergstra\u00dfe kann die Suche und Ausbildung neuer Talente zur nachhaltigen Entwicklung der Abteilung gelingen.<\/p>\n<p>Seit 2005 steht dem TV Jugenheim dank der Gemeinde und der Kooperation mit dem Nachbarverein ein fantastisches Beach-Volleyball-Gel\u00e4nde zur Verf\u00fcgung. In der Regel wird die Anlage von Mai bis Oktober nachmittags von den Mannschaften genutzt.<\/p>\n<p>Im Rahmen der Kooperation mit dem Schuldorf stehen die Felder der Schule am Vormittag zur Verf\u00fcgung.<\/p>\n","protected":false},"excerpt":{"rendered":"<p>Kontakt\u00a0 \u00a0 Mannschaften\u00a0 \u00a0 Trainingszeiten &nbsp; Back to the roots Seit Mitte der 70er Jahre bietet der TVJ Volleyball f\u00fcr Damen und Herren an. Hans Scheutzow und Willi Wicke geh\u00f6rten zu den Gr\u00fcndungsv\u00e4tern dieser Sparte und sorgen bis heute f\u00fcr gute Stimmung und den Zusammenhalt der &#8222;Volleyballer&#8220;.Wie weit die Gr\u00fcndungsjahre <a class=\"more-link\" href=\"https:\/\/tv-jugenheim.de\/wp1\/abteilung\/volleyball\/\"><span class=\"screen-reader-text\">  Volleyball<\/span> weiterlesen<span class=\"meta-nav\">&rarr;<\/span><\/a><\/p>\n","protected":false},"author":2,"featured_media":0,"parent":5,"menu_order":0,"comment_status":"closed","ping_status":"closed","template":"","meta":{"footnotes":""},"class_list":["post-74","page","type-page","status-publish","hentry"],"_links":{"self":[{"href":"https:\/\/tv-jugenheim.de\/wp1\/wp-json\/wp\/v2\/pages\/74","targetHints":{"allow":["GET"]}}],"collection":[{"href":"https:\/\/tv-jugenheim.de\/wp1\/wp-json\/wp\/v2\/pages"}],"about":[{"href":"https:\/\/tv-jugenheim.de\/wp1\/wp-json\/wp\/v2\/types\/page"}],"author":[{"embeddable":true,"href":"https:\/\/tv-jugenheim.de\/wp1\/wp-json\/wp\/v2\/users\/2"}],"replies":[{"embeddable":true,"href":"https:\/\/tv-jugenheim.de\/wp1\/wp-json\/wp\/v2\/comments?post=74"}],"version-history":[{"count":23,"href":"https:\/\/tv-jugenheim.de\/wp1\/wp-json\/wp\/v2\/pages\/74\/revisions"}],"predecessor-version":[{"id":6486,"href":"https:\/\/tv-jugenheim.de\/wp1\/wp-json\/wp\/v2\/pages\/74\/revisions\/6486"}],"up":[{"embeddable":true,"href":"https:\/\/tv-jugenheim.de\/wp1\/wp-json\/wp\/v2\/pages\/5"}],"wp:attachment":[{"href":"https:\/\/tv-jugenheim.de\/wp1\/wp-json\/wp\/v2\/media?parent=74"}],"curies":[{"name":"wp","href":"https:\/\/api.w.org\/{rel}","templated":true}]}}

<h4></h4>
<h4 style="padding-left: 40px;"><a href="https://tv-jugenheim.de/wp1/abteilung/volleyball/kontakt"><span style="text-decoration: underline;">Kontakt</span></a>    <a href="https://tv-jugenheim.de/wp1/abteilung/volleyball/mannschaften"><span style="text-decoration: underline;">Mannschaften</span></a>    <a href="https://tv-jugenheim.de/wp1/abteilung/volleyball/trainingszeiten"><span style="text-decoration: underline;">Trainingszeiten</span></a></h4>
<p>&nbsp;</p>
<h2>Back to the roots</h2>
<p>Seit Mitte der 70er Jahre bietet der TVJ Volleyball für Damen und Herren an. Hans Scheutzow und Willi Wicke gehörten zu den Gründungsvätern dieser Sparte und sorgen bis heute für gute Stimmung und den Zusammenhalt der &#8222;Volleyballer&#8220;.Wie weit die Gründungsjahre inzwischen zurückliegen, belegen wertvolle Dokumente der Zeitgeschichte und insbesondere die modische Bekleidung der Akteure.</p>
<figure id="attachment_1105" aria-describedby="caption-attachment-1105" style="width: 300px" class="wp-caption alignleft"><img loading="lazy" decoding="async" class="wp-image-1105 size-medium" src="https://tv-jugenheim.de/wp-media/2014/10/breuberg-300x234.jpg" alt="Mannschaft 1987" width="300" height="234" srcset="https://tv-jugenheim.de/wp-media/2014/10/breuberg-300x234.jpg 300w, https://tv-jugenheim.de/wp-media/2014/10/breuberg.jpg 700w" sizes="auto, (max-width: 300px) 100vw, 300px" /><figcaption id="caption-attachment-1105" class="wp-caption-text">1987: (v.l.n.r.) J. Schimpf, P. Landwehrmann, Ricardo Villalobos, B. Kaffenberger, M. Jünemann, A. Kaffenberger, M. Olf, A. Appel. (horizontal) Trainerin Traudl</figcaption></figure>
<p>Aus der zunächst Breitensport-orientierten Aktivität entstand Anfang der 80er ein motiviertes Jugend-Team. Unter Leitung einer Trainerin und verschiedener männlicher Kollegen steigerte die Mannschaft kontinuierlich ihre Leistungsfähigkeit. Als 1995 erstmals die Herren den Aufstieg in die Landesliga erspielten, waren einige der links abgebildeten Herren dabei. Manche engagieren sich heute aktiv an der Weiterentwicklung der Abteilung.</p>
<div style="clear: both;">
<p>Nachdem 2013 ein Umbruch im Herrenbereich stattgefunden hat, hat sich der Fokus seitdem auf die Entwicklung im weiblichen Bereich gelegt.</p>
</div>
<div>Innerhalb von 3 erfolgreichen Saisons gelang es der 1.Damenmannschaft mit Trainer Martin Jünemann, von der Kreisklasse in die Bezirksliga aufzusteigen und diese zu halten, dabei werden immer wieder Talente aus den Jugendmannschaften hochgezogen. Die positive Atmosphäre begünstigt dabei die Integration der jungen Spielerinnen enorm. Auch ehemalige Spieler und Spielerinnen finden nach jahrelanger Abstinenz immer wieder gerne den Weg in die Abteilung.</div>
<div><img loading="lazy" decoding="async" class="alignnone size-medium wp-image-2714" src="https://tv-jugenheim.de/wp-media/2014/10/beste1-300x209.png" alt="" width="300" height="209" srcset="https://tv-jugenheim.de/wp-media/2014/10/beste1-300x209.png 300w, https://tv-jugenheim.de/wp-media/2014/10/beste1-768x534.png 768w, https://tv-jugenheim.de/wp-media/2014/10/beste1.png 883w" sizes="auto, (max-width: 300px) 100vw, 300px" /></div>
<div></div>
<p>Die Volleyballabteilung zählt dank kontinuierlichem Aufbau zu den größten und erfolgreichsten Abteilungen des Vereins. Dank der Kooperation mit dem Schuldorf-Bergstraße kann die Suche und Ausbildung neuer Talente zur nachhaltigen Entwicklung der Abteilung gelingen.</p>
<p>Seit 2005 steht dem TV Jugenheim dank der Gemeinde und der Kooperation mit dem Nachbarverein ein fantastisches Beach-Volleyball-Gelände zur Verfügung. In der Regel wird die Anlage von Mai bis Oktober nachmittags von den Mannschaften genutzt.</p>
<p>Im Rahmen der Kooperation mit dem Schuldorf stehen die Felder der Schule am Vormittag zur Verfügung.</p>

<p>Kontakt    Mannschaften    Trainingszeiten &nbsp; Back to the roots Seit Mitte der 70er Jahre bietet der TVJ Volleyball für Damen und Herren an. Hans Scheutzow und Willi Wicke gehörten zu den Gründungsvätern dieser Sparte und sorgen bis heute für gute Stimmung und den Zusammenhalt der &#8222;Volleyballer&#8220;.Wie weit die Gründungsjahre <a class="more-link" href="https://tv-jugenheim.de/wp1/abteilung/volleyball/"><span class="screen-reader-text">  Volleyball</span> weiterlesen<span class="meta-nav">&rarr;</span></a></p>
