{"id":5271,"date":"2022-12-03T12:06:20","date_gmt":"2022-12-03T11:06:20","guid":{"rendered":"http:\/\/wp1.tv-jugenheim.de\/?page_id=5271"},"modified":"2025-05-20T21:12:27","modified_gmt":"2025-05-20T19:12:27","slug":"bodyfit","status":"publish","type":"page","link":"https:\/\/tv-jugenheim.de\/wp1\/abteilung\/fitness\/bodyfit\/","title":{"rendered":"BodyFit"},"content":{"rendered":"<p>Die perfekte M\u00f6glichkeit f\u00fcr Einsteiger, um mit vielseitigen \u00dcbungen und einer Menge Spa\u00df den K\u00f6rperin Form zu bringen!!!<\/p>\n<h2>\u00dcbungszeit<\/h2>\n<p>Mittwochs 19:00 &#8211; 20:00 Uhr, <a href=\"https:\/\/www.openstreetmap.org\/?mlat=49.76188&amp;mlon=8.63680#map=17\/49.76188\/8.63680\" target=\"_blank\" rel=\"noopener noreferrer\">TVJ Sportheim im Christian-Stock-Stadion<\/a><\/p>\n<h2>\u00dcbungsleiterin<\/h2>\n<p>Sabine Schlo\u00df<br \/>\nE-Mail: <a href=\"mailto:bodyfit@tv-jugenheim.de\">bodyfit@tv-jugenheim.de<\/a><\/p>\n","protected":false},"excerpt":{"rendered":"<p>Die perfekte M\u00f6glichkeit f\u00fcr Einsteiger, um mit vielseitigen \u00dcbungen und einer Menge Spa\u00df den K\u00f6rperin Form zu bringen!!! \u00dcbungszeit Mittwochs 19:00 &#8211; 20:00 Uhr, TVJ Sportheim im Christian-Stock-Stadion \u00dcbungsleiterin Sabine Schlo\u00df E-Mail: bodyfit@tv-jugenheim.de<\/p>\n","protected":false},"author":2,"featured_media":0,"parent":5263,"menu_order":0,"comment_status":"closed","ping_status":"closed","template":"","meta":{"footnotes":""},"class_list":["post-5271","page","type-page","status-publish","hentry"],"_links":{"self":[{"href":"https:\/\/tv-jugenheim.de\/wp1\/wp-json\/wp\/v2\/pages\/5271","targetHints":{"allow":["GET"]}}],"collection":[{"href":"https:\/\/tv-jugenheim.de\/wp1\/wp-json\/wp\/v2\/pages"}],"about":[{"href":"https:\/\/tv-jugenheim.de\/wp1\/wp-json\/wp\/v2\/types\/page"}],"author":[{"embeddable":true,"href":"https:\/\/tv-jugenheim.de\/wp1\/wp-json\/wp\/v2\/users\/2"}],"replies":[{"embeddable":true,"href":"https:\/\/tv-jugenheim.de\/wp1\/wp-json\/wp\/v2\/comments?post=5271"}],"version-history":[{"count":6,"href":"https:\/\/tv-jugenheim.de\/wp1\/wp-json\/wp\/v2\/pages\/5271\/revisions"}],"predecessor-version":[{"id":6522,"href":"https:\/\/tv-jugenheim.de\/wp1\/wp-json\/wp\/v2\/pages\/5271\/revisions\/6522"}],"up":[{"embeddable":true,"href":"https:\/\/tv-jugenheim.de\/wp1\/wp-json\/wp\/v2\/pages\/5263"}],"wp:attachment":[{"href":"https:\/\/tv-jugenheim.de\/wp1\/wp-json\/wp\/v2\/media?parent=5271"}],"curies":[{"name":"wp","href":"https:\/\/api.w.org\/{rel}","templated":true}]}}