{"id":120,"date":"2014-07-01T17:51:32","date_gmt":"2014-07-01T15:51:32","guid":{"rendered":"http:\/\/wp.tv-jugenheim.de\/?page_id=120"},"modified":"2026-03-27T14:31:48","modified_gmt":"2026-03-27T13:31:48","slug":"beitrittserklaerung","status":"publish","type":"page","link":"https:\/\/tv-jugenheim.de\/wp1\/verein\/beitrittserklaerung\/","title":{"rendered":"Beitrittserkl\u00e4rung"},"content":{"rendered":"<h2>Online Anmeldung<\/h2>\n<p>Die Anmeldung erfolgt \u00fcber unser <a href=\"https:\/\/tv-jugenheim.de\/anmeldung\/\" target=\"_blank\" rel=\"noopener\">Online Formular<\/a>.<\/p>\n<h2>Informationen zur Mitgliedschaft<\/h2>\n<p>Die Beitr\u00e4ge im TV Jugenheim:<\/p>\n<ul>\n<li>6,50 \u20ac\/Monat\u00a0 f\u00fcr Erwachsene<\/li>\n<li>4,00 \u20ac\/Monat f\u00fcr Kinder und Jugendliche<\/li>\n<li>17,00 \u20ac\/Monat f\u00fcr Familien oder zusammenlebende ehe\u00e4hnlichen Gemeinschaften mit Kindern unter 18 Jahren<\/li>\n<li>Kinder beim Eltern-Kind-Turnen sind bis 3 Jahre beitragsfrei<\/li>\n<li>f\u00fcr einzelne \u00dcbungsgruppen sind ggf. Zusatzbeitr\u00e4ge zu entrichten.<\/li>\n<\/ul>\n<p>Die \u00dcbungsleiter sind angehalten, Interessierten beim Besuch der ersten \u00dcbungsstunde das Angebot des TV Jugenheim vorzustellen und auf die Konditionen der Mitgliedschaft hinzuweisen. Beim wiederholten Besuch der \u00dcbungsstunden sollten Interessierte ein Aufnahmeformular ausgeh\u00e4ndigt werden. Um den Versicherungsschutz der Sportversicherung zu gew\u00e4hrleisten, ist die weitere Teilnahme am \u00dcbungsbetrieb nur als angemeldetes Mitglied statthaft.<\/p>\n<p>Aufnahmeantr\u00e4ge von Kindern unter 18 Jahren sind von beiden Erziehungsberechtigten zu unterschreiben. Bei Alleinerziehenden ist deren Unterschrift ausreichend.<\/p>\n<p>Mit dem Aufnahmeantrag ist dem Verein ein SEPA-Lastschriftmandat f\u00fcr die Mitgliedsbeitr\u00e4ge in halbj\u00e4hrlicher oder j\u00e4hrlicher Zahlungsweise zu erteilen.<\/p>\n<h2>K\u00fcndigung<\/h2>\n<p>Eine K\u00fcndigug der Mitgliedschaft ist mit einer Frist von 2 Monaten zum Jahres- bzw. Halbjahresende dem Vorstand schriftlich mitzuteilen. Die Mindestdauer der Mitgliedschaft betr\u00e4gt 12 Monate.<\/p>\n<p><strong>Adresse:<\/strong><br \/>\nTV Jugenheim 1888 e.V.<br \/>\nPostfach 2105<br \/>\nD-64336 Seeheim-Jugenheim<\/p>\n<p><strong>E-Mail:<\/strong> <a href=\"mailto:mitgliederverwaltung@tv-jugenheim.de\">mitgliederverwaltung@tv-jugenheim.de<\/a><\/p>\n","protected":false},"excerpt":{"rendered":"<p>Online Anmeldung Die Anmeldung erfolgt \u00fcber unser Online Formular. Informationen zur Mitgliedschaft Die Beitr\u00e4ge im TV Jugenheim: 6,50 \u20ac\/Monat\u00a0 f\u00fcr Erwachsene 4,00 \u20ac\/Monat f\u00fcr Kinder und Jugendliche 17,00 \u20ac\/Monat f\u00fcr Familien oder zusammenlebende ehe\u00e4hnlichen Gemeinschaften mit Kindern unter 18 Jahren Kinder beim Eltern-Kind-Turnen sind bis 3 Jahre beitragsfrei f\u00fcr einzelne <a class=\"more-link\" href=\"https:\/\/tv-jugenheim.de\/wp1\/verein\/beitrittserklaerung\/\"><span class=\"screen-reader-text\">  Beitrittserkl\u00e4rung<\/span> weiterlesen<span class=\"meta-nav\">&rarr;<\/span><\/a><\/p>\n","protected":false},"author":2,"featured_media":0,"parent":29,"menu_order":3,"comment_status":"closed","ping_status":"closed","template":"","meta":{"footnotes":""},"class_list":["post-120","page","type-page","status-publish","hentry"],"_links":{"self":[{"href":"https:\/\/tv-jugenheim.de\/wp1\/wp-json\/wp\/v2\/pages\/120","targetHints":{"allow":["GET"]}}],"collection":[{"href":"https:\/\/tv-jugenheim.de\/wp1\/wp-json\/wp\/v2\/pages"}],"about":[{"href":"https:\/\/tv-jugenheim.de\/wp1\/wp-json\/wp\/v2\/types\/page"}],"author":[{"embeddable":true,"href":"https:\/\/tv-jugenheim.de\/wp1\/wp-json\/wp\/v2\/users\/2"}],"replies":[{"embeddable":true,"href":"https:\/\/tv-jugenheim.de\/wp1\/wp-json\/wp\/v2\/comments?post=120"}],"version-history":[{"count":22,"href":"https:\/\/tv-jugenheim.de\/wp1\/wp-json\/wp\/v2\/pages\/120\/revisions"}],"predecessor-version":[{"id":6810,"href":"https:\/\/tv-jugenheim.de\/wp1\/wp-json\/wp\/v2\/pages\/120\/revisions\/6810"}],"up":[{"embeddable":true,"href":"https:\/\/tv-jugenheim.de\/wp1\/wp-json\/wp\/v2\/pages\/29"}],"wp:attachment":[{"href":"https:\/\/tv-jugenheim.de\/wp1\/wp-json\/wp\/v2\/media?parent=120"}],"curies":[{"name":"wp","href":"https:\/\/api.w.org\/{rel}","templated":true}]}}