{"id":1080,"date":"2014-10-16T18:02:53","date_gmt":"2014-10-16T16:02:53","guid":{"rendered":"http:\/\/wp1.tv-jugenheim.de\/?page_id=1080"},"modified":"2026-04-11T01:55:53","modified_gmt":"2026-04-10T23:55:53","slug":"freizeit","status":"publish","type":"page","link":"https:\/\/tv-jugenheim.de\/wp1\/abteilung\/volleyball\/mannschaften\/freizeit\/","title":{"rendered":"Freizeit-\/Hobby"},"content":{"rendered":"<div>Traditionell bietet der TV Jugenheim Volleyball auch als Breitensport f\u00fcr weibliche und m\u00e4nnliche Freizeitspieler in einer gemischten Trainingsgruppe an.<\/div>\n<p><strong>Ziele:<\/strong><\/p>\n<ul>\n<li>\n<div>Spa\u00df und Bewegung<\/div>\n<\/li>\n<li>\n<div>Aufnahme neuer Volleyballfreunde<\/div>\n<\/li>\n<\/ul>\n<div><strong>Trainingszeiten:<\/strong><\/div>\n<ul>\n<li>\n<div>Freitags in den Sommermonaten (MAI-OKT) nach Absprache, 18:00 Uhr; Beach-Volleyballfeld in Seeheim, Sandstra\u00dfe<\/div>\n<\/li>\n<li>\n<div>Montags\u00a0 20:00-22:00 Uhr; <a href=\"https:\/\/www.google.de\/maps\/place\/Sporthalle+an+der+D%C3%BCne+(Halle+42)\/@49.7619615,8.6304122,17z\/data=!4m14!1m7!3m6!1s0x47bd7c939953bda9:0x16e102332ab80a50!2sParkplatz+-+Schuldorf+Bergstra%C3%9Fe,+Sandstra%C3%9Fe,+Seeheim-Jugenheim!8m2!3d49.7611583!4d8.631322!16s%2Fg%2F1tgp9d5n!3m5!1s0x47bd7c9399ace675:0xe3d848397854edbd!8m2!3d49.7620117!4d8.6308765!16s%2Fg%2F11bw648dsd?entry=ttu&amp;g_ep=EgoyMDI0MDgyMS4wIKXMDSoASAFQAw%3D%3D\">Halle an der D\u00fcne<\/a> in Seeheim<\/div>\n<\/li>\n<\/ul>\n<p><strong>Trainer &amp; Kontakt:<\/strong><\/p>\n<ul>\n<li>Martin J\u00fcnemann, JuenemannOnline@Gmail.com<\/li>\n<\/ul>\n<div><strong>Trainingsgruppe:<\/strong><\/div>\n<ul>\n<li>Wir sind eine\u00a0gute Mischung aus j\u00fcngeren und erfahreneren M\u00e4nnern und Frauen. Gut aufgew\u00e4rmt und eingespielt gehen wir dann zum Spiel \u00fcber. F\u00fcr 2-3 S\u00e4tzchen und ggf.\u00a0einen geselligen Abschluss\u00a0reicht&#8217;s immer.\u00a0Und dann kann das Wochenende kommen.<\/li>\n<\/ul>\n<p><a href=\"https:\/\/tv-jugenheim.de\/wp-media\/2014\/11\/IMG_0839.jpg\" target=\"_blank\" rel=\"noopener noreferrer\"><img loading=\"lazy\" decoding=\"async\" class=\"alignnone size-medium wp-image-6845\" src=\"https:\/\/tv-jugenheim.de\/wp-media\/2026\/04\/IMG_2278-300x169.jpg\" alt=\"\" width=\"300\" height=\"169\" srcset=\"https:\/\/tv-jugenheim.de\/wp-media\/2026\/04\/IMG_2278-300x169.jpg 300w, https:\/\/tv-jugenheim.de\/wp-media\/2026\/04\/IMG_2278-1024x576.jpg 1024w, https:\/\/tv-jugenheim.de\/wp-media\/2026\/04\/IMG_2278-768x432.jpg 768w, https:\/\/tv-jugenheim.de\/wp-media\/2026\/04\/IMG_2278.jpg 1179w\" sizes=\"auto, (max-width: 300px) 100vw, 300px\" \/><\/a><\/p>\n<div><\/div>\n","protected":false},"excerpt":{"rendered":"<p>Traditionell bietet der TV Jugenheim Volleyball auch als Breitensport f\u00fcr weibliche und m\u00e4nnliche Freizeitspieler in einer gemischten Trainingsgruppe an. Ziele: Spa\u00df und Bewegung Aufnahme neuer Volleyballfreunde Trainingszeiten: Freitags in den Sommermonaten (MAI-OKT) nach Absprache, 18:00 Uhr; Beach-Volleyballfeld in Seeheim, Sandstra\u00dfe Montags\u00a0 20:00-22:00 Uhr; Halle an der D\u00fcne in Seeheim Trainer <a class=\"more-link\" href=\"https:\/\/tv-jugenheim.de\/wp1\/abteilung\/volleyball\/mannschaften\/freizeit\/\"><span class=\"screen-reader-text\">  Freizeit-\/Hobby<\/span> weiterlesen<span class=\"meta-nav\">&rarr;<\/span><\/a><\/p>\n","protected":false},"author":15,"featured_media":0,"parent":1038,"menu_order":0,"comment_status":"closed","ping_status":"open","template":"","meta":{"footnotes":""},"class_list":["post-1080","page","type-page","status-publish","hentry"],"_links":{"self":[{"href":"https:\/\/tv-jugenheim.de\/wp1\/wp-json\/wp\/v2\/pages\/1080","targetHints":{"allow":["GET"]}}],"collection":[{"href":"https:\/\/tv-jugenheim.de\/wp1\/wp-json\/wp\/v2\/pages"}],"about":[{"href":"https:\/\/tv-jugenheim.de\/wp1\/wp-json\/wp\/v2\/types\/page"}],"author":[{"embeddable":true,"href":"https:\/\/tv-jugenheim.de\/wp1\/wp-json\/wp\/v2\/users\/15"}],"replies":[{"embeddable":true,"href":"https:\/\/tv-jugenheim.de\/wp1\/wp-json\/wp\/v2\/comments?post=1080"}],"version-history":[{"count":10,"href":"https:\/\/tv-jugenheim.de\/wp1\/wp-json\/wp\/v2\/pages\/1080\/revisions"}],"predecessor-version":[{"id":6849,"href":"https:\/\/tv-jugenheim.de\/wp1\/wp-json\/wp\/v2\/pages\/1080\/revisions\/6849"}],"up":[{"embeddable":true,"href":"https:\/\/tv-jugenheim.de\/wp1\/wp-json\/wp\/v2\/pages\/1038"}],"wp:attachment":[{"href":"https:\/\/tv-jugenheim.de\/wp1\/wp-json\/wp\/v2\/media?parent=1080"}],"curies":[{"name":"wp","href":"https:\/\/api.w.org\/{rel}","templated":true}]}}